{"id":119,"date":"2021-03-15T12:11:49","date_gmt":"2021-03-15T12:11:49","guid":{"rendered":"http:\/\/www.arques.org\/?page_id=119"},"modified":"2021-04-23T10:29:19","modified_gmt":"2021-04-23T10:29:19","slug":"ccq","status":"publish","type":"page","link":"https:\/\/www.arques.org\/index.php\/ccq\/","title":{"rendered":"CCQ"},"content":{"rendered":"\n<p>Club de Catadores de Queso<\/p>\n\n\n\n<p>\u00abSabemos de quesos que saben\u00bb<\/p>\n\n\n\n<figure class=\"wp-block-image size-large is-style-twentytwentyone-border\"><img loading=\"lazy\" decoding=\"async\" width=\"1024\" height=\"768\" src=\"https:\/\/www.arques.org\/wp-content\/uploads\/2021\/03\/DSCF3513-1024x768.jpg\" alt=\"\" class=\"wp-image-120\" srcset=\"https:\/\/www.arques.org\/wp-content\/uploads\/2021\/03\/DSCF3513-1024x768.jpg 1024w, https:\/\/www.arques.org\/wp-content\/uploads\/2021\/03\/DSCF3513-300x225.jpg 300w, https:\/\/www.arques.org\/wp-content\/uploads\/2021\/03\/DSCF3513-768x576.jpg 768w, https:\/\/www.arques.org\/wp-content\/uploads\/2021\/03\/DSCF3513-1536x1152.jpg 1536w, https:\/\/www.arques.org\/wp-content\/uploads\/2021\/03\/DSCF3513-2048x1536.jpg 2048w, https:\/\/www.arques.org\/wp-content\/uploads\/2021\/03\/DSCF3513-1568x1176.jpg 1568w\" sizes=\"auto, (max-width: 1024px) 100vw, 1024px\" \/><\/figure>\n\n\n\n<p>Un catador solo requiere tener sus sentidos sanos. Su capacidad de apreciaci\u00f3n y su capacidad de narrar lo que percibe es solo cuesti\u00f3n de introspecci\u00f3n y esfuerzo. <\/p>\n\n\n\n<figure class=\"wp-block-image size-large is-style-twentytwentyone-border\"><img loading=\"lazy\" decoding=\"async\" width=\"1024\" height=\"768\" src=\"https:\/\/www.arques.org\/wp-content\/uploads\/2021\/03\/DSCF3277-copia-1024x768.jpg\" alt=\"\" class=\"wp-image-139\" srcset=\"https:\/\/www.arques.org\/wp-content\/uploads\/2021\/03\/DSCF3277-copia-1024x768.jpg 1024w, https:\/\/www.arques.org\/wp-content\/uploads\/2021\/03\/DSCF3277-copia-300x225.jpg 300w, https:\/\/www.arques.org\/wp-content\/uploads\/2021\/03\/DSCF3277-copia-768x576.jpg 768w, https:\/\/www.arques.org\/wp-content\/uploads\/2021\/03\/DSCF3277-copia-1536x1152.jpg 1536w, https:\/\/www.arques.org\/wp-content\/uploads\/2021\/03\/DSCF3277-copia-2048x1536.jpg 2048w, https:\/\/www.arques.org\/wp-content\/uploads\/2021\/03\/DSCF3277-copia-1568x1176.jpg 1568w\" sizes=\"auto, (max-width: 1024px) 100vw, 1024px\" \/><figcaption>Los catadores hablan del queso y el queso de los catadores.<\/figcaption><\/figure>\n\n\n\n<figure class=\"wp-block-image size-large\"><img loading=\"lazy\" decoding=\"async\" width=\"1024\" height=\"768\" src=\"https:\/\/www.arques.org\/wp-content\/uploads\/2021\/04\/IMG_0641-1024x768.jpg\" alt=\"\" class=\"wp-image-299\" srcset=\"https:\/\/www.arques.org\/wp-content\/uploads\/2021\/04\/IMG_0641-1024x768.jpg 1024w, https:\/\/www.arques.org\/wp-content\/uploads\/2021\/04\/IMG_0641-300x225.jpg 300w, https:\/\/www.arques.org\/wp-content\/uploads\/2021\/04\/IMG_0641-768x576.jpg 768w, https:\/\/www.arques.org\/wp-content\/uploads\/2021\/04\/IMG_0641-1536x1152.jpg 1536w, https:\/\/www.arques.org\/wp-content\/uploads\/2021\/04\/IMG_0641-2048x1536.jpg 2048w, https:\/\/www.arques.org\/wp-content\/uploads\/2021\/04\/IMG_0641-1568x1176.jpg 1568w\" sizes=\"auto, (max-width: 1024px) 100vw, 1024px\" \/><figcaption>Los j\u00f3venes catadores tienen los sentidos muy despiertos. <\/figcaption><\/figure>\n\n\n\n<figure class=\"wp-block-image size-large\"><img loading=\"lazy\" decoding=\"async\" width=\"768\" height=\"1024\" src=\"https:\/\/www.arques.org\/wp-content\/uploads\/2021\/04\/IMG_0282-768x1024.jpg\" alt=\"\" class=\"wp-image-300\" srcset=\"https:\/\/www.arques.org\/wp-content\/uploads\/2021\/04\/IMG_0282-768x1024.jpg 768w, https:\/\/www.arques.org\/wp-content\/uploads\/2021\/04\/IMG_0282-225x300.jpg 225w, https:\/\/www.arques.org\/wp-content\/uploads\/2021\/04\/IMG_0282-1152x1536.jpg 1152w, https:\/\/www.arques.org\/wp-content\/uploads\/2021\/04\/IMG_0282-1536x2048.jpg 1536w, https:\/\/www.arques.org\/wp-content\/uploads\/2021\/04\/IMG_0282-1568x2091.jpg 1568w, https:\/\/www.arques.org\/wp-content\/uploads\/2021\/04\/IMG_0282-scaled.jpg 1920w\" sizes=\"auto, (max-width: 768px) 100vw, 768px\" \/><\/figure>\n\n\n\n<p>Es sumamente importante diferenciar los conceptos de \u00abcata\u00bb y \u00abde-gustaci\u00f3n\u00bb.  El maestro de catas debe dirigir a los catadores para que no se pierdan en el laberinto de una simple ingesta. <\/p>\n","protected":false},"excerpt":{"rendered":"<p>Club de Catadores de Queso \u00abSabemos de quesos que saben\u00bb Un catador solo requiere tener sus sentidos sanos. Su capacidad de apreciaci\u00f3n y su capacidad de narrar lo que percibe es solo cuesti\u00f3n de introspecci\u00f3n y esfuerzo. Es sumamente importante diferenciar los conceptos de \u00abcata\u00bb y \u00abde-gustaci\u00f3n\u00bb. El maestro de catas debe dirigir a los&hellip; <a class=\"more-link\" href=\"https:\/\/www.arques.org\/index.php\/ccq\/\">Seguir leyendo <span class=\"screen-reader-text\">CCQ<\/span><\/a><\/p>\n","protected":false},"author":1,"featured_media":0,"parent":0,"menu_order":0,"comment_status":"closed","ping_status":"closed","template":"","meta":{"footnotes":""},"class_list":["post-119","page","type-page","status-publish","hentry","entry"],"_links":{"self":[{"href":"https:\/\/www.arques.org\/index.php\/wp-json\/wp\/v2\/pages\/119","targetHints":{"allow":["GET"]}}],"collection":[{"href":"https:\/\/www.arques.org\/index.php\/wp-json\/wp\/v2\/pages"}],"about":[{"href":"https:\/\/www.arques.org\/index.php\/wp-json\/wp\/v2\/types\/page"}],"author":[{"embeddable":true,"href":"https:\/\/www.arques.org\/index.php\/wp-json\/wp\/v2\/users\/1"}],"replies":[{"embeddable":true,"href":"https:\/\/www.arques.org\/index.php\/wp-json\/wp\/v2\/comments?post=119"}],"version-history":[{"count":7,"href":"https:\/\/www.arques.org\/index.php\/wp-json\/wp\/v2\/pages\/119\/revisions"}],"predecessor-version":[{"id":301,"href":"https:\/\/www.arques.org\/index.php\/wp-json\/wp\/v2\/pages\/119\/revisions\/301"}],"wp:attachment":[{"href":"https:\/\/www.arques.org\/index.php\/wp-json\/wp\/v2\/media?parent=119"}],"curies":[{"name":"wp","href":"https:\/\/api.w.org\/{rel}","templated":true}]}}